) = a**2 - 2*a. Let m(d) = 3*d**2 + 2*d - 1. Calculate the remainder when m(2) is divided by c(4).
7
Let x(m) = 4*m + 3. Calculate the remainder when x(6) is divided by 15.
12
Let b(s) = s**2 + 5*s + 6. Let g be b(-4). Let a be 27 - 1/1 - -1. Suppose -a = -3*m + g*m. Calculate the remainder when m is divided by 14.
13
Suppose -3*b + 25 = -14. Calculate the remainder when (-1)/4 + (-201)/(-4) is divided by b.
11
Suppose -2*u + 15 = 1. What is the remainder when 39 is divided by u?
4
Let q(c) = -c + 23. Calculate the remainder when 117 - (1 + -3 + 1) is divided by q(-7).
28
What is the remainder when -3 + 15/5 - 8/(-2) is divided by 1?
0
Let v(k) = -2 - 5 - 3 + 2 + 14*k. Calculate the remainder when v(7) is divided by 31.
28
Let w = -85 + 57. Let l = 69 + w. Calculate the remainder when l is divided by (7/3)/(1/9).
20
Suppose 0*c - 3*c + 12 = 5*o, 3*c - 12 = -o. Suppose 5*t = -o*z + 2*z - 66, 0 = -5*t + 10. Calculate the remainder when z is divided by 13.
12
Suppose v = -0*v - 3, 3*v + 21 = 4*j. Suppose -k + j*x = 2*k, 2*x - 8 = 4*k. Let u = k + 46. What is the remainder when u is divided by 22?
20
Suppose -213 = -n - 2*p, 5*p = -n + 123 + 81. What is the remainder when n is divided by 55?
54
Let u = 1 + 3. Suppose -n = 2*o + 2*o - 134, 5*n = -u*o + 142. Calculate the remainder when o is divided by 17.
16
Let r(o) = -o**3 + 10*o**2 - 10*o + 7. Let h be r(9). Let t = 4 + 2. What is the remainder when h*(-1 - 84/8) is divided by t?
5
Let i(c) = -c**3 - 11*c**2 + c + 5. Let r be i(-11). Let f = r - -18. Calculate the remainder when 21 is divided by f.
9
Let h = 2 - -34. Calculate the remainder when 139 is divided by h.
31
Suppose 3*o = -2*o + 50. Suppose 0 = m + h - 13, 4*h = -m + 2*h + o. What is the remainder when 29 is divided by m?
13
Suppose n = 7 + 19. Suppose 3*t - 7 = 4*m - 69, 3*m - 5*t - 52 = 0. Calculate the remainder when n is divided by m.
12
Let g(n) = n**2 - 4*n + 6. Let j be g(6). Let c = 36 - j. Calculate the remainder when c is divided by 10.
8
Let u be (-6)/(((-3)/6)/1). Suppose 0*x - 4*x + u = 0. Let q(t) = 2*t + 2. Calculate the remainder when q(x) is divided by 3.
2
Let h(k) = -k**2 - 9*k + 11. Calculate the remainder when 73 is divided by h(-8).
16
Let h be (-2 + -2 + -14)*-15. Let l = -25 + h. Suppose -m + l = 4*m. Calculate the remainder when m is divided by 17.
15
Suppose 34*w - 30*w = -4*h, -w - 2*h = 3. Calculate the remainder when ((-3)/(-2))/(1/2) is divided by w.
0
Let u be (-64 - 2)*(-6)/9. Let h = u + -14. What is the remainder when h is divided by 16?
14
Calculate the remainder when (-3)/7 - (-1660)/35 is divided by 25.
22
Suppose -5*b + 58 = -17. Let x(o) = -o - 3. Let d be (-15)/(-10)*44/(-6). What is the remainder when b is divided by x(d)?
7
Let n be 15/2*(7 - 5). Suppose -3*y = -n - 15. What is the remainder when y is divided by 6?
4
Let m(u) = u**3 - 7*u**2 - 9*u + 12. Suppose -2*g - 60 = -5*g. Let z be 84/10 + (-8)/g. Calculate the remainder when 6 is divided by m(z).
2
Suppose 13 = -3*w + 58. Calculate the remainder when 43 is divided by w.
13
Suppose 2*g - g = 30. What is the remainder when g is divided by (-4)/(-6) - (-62)/6?
8
Let v(p) be the first derivative of 2*p**3/3 - 2*p**2 + 3*p + 2. Calculate the remainder when v(-5) is divided by 25.
23
Let a be 3 - -3*29/(-3). Let o = a - -55. Calculate the remainder when o is divided by 10.
9
Let p(y) = 29*y - 2. Let o be p(3). Suppose -c - 4*c = -o. Suppose -2*q = -0 - 10. Calculate the remainder when c is divided by q.
2
Let r = -23 - -36. What is the remainder when 49 is divided by r?
10
What is the remainder when 14 is divided by (15/6 + -4)*-6?
5
Let u be ((-4)/(-8))/(2/36). Let m be (-1)/(2 + (-15)/u). What is the remainder when 1 + m + 8/1 is divided by 4?
2
Suppose -v - 5*z = 148, -4*v - z - 571 = -2*z. Let i = v - -217. Calculate the remainder when i is divided by 19.
17
Suppose 4*v - 2*v = 168. What is the remainder when v is divided by 29?
26
Let r be (-2)/(-6)*(-24)/(-2). Let t be r/14 + 52/14. Suppose 28 - 93 = -5*y - t*l, 13 = y - 4*l. What is the remainder when y is divided by 5?
3
Suppose v + 4 = 3*n, 3*n + n + 1 = -5*v. Let d = v - 7. Let p(y) = y**2 + 6*y - 9. What is the remainder when 13 is divided by p(d)?
6
Suppose -3*z - 2*y = 4 + 198, -5*z - 336 = 4*y. Let a = z - -96. What is the remainder when 53 is divided by a?
25
Let o(z) = -6*z + 4. Let x be o(-3). Let y = x - 14. Calculate the remainder when 23 is divided by y.
7
Suppose 2 = 2*l - 20. Suppose 0 = -2*d - 4*o + 12, -6*o = -3*d - o + 18. What is the remainder when l is divided by d?
5
Suppose 25 = 7*m - 2*m, -2*k - 3*m = -45. Suppose -4*s - 2*q + 238 = 0, 0*s + 2*s = -3*q + 125. Calculate the remainder when s is divided by k.
13
Let i(y) = -3*y + 35. Calculate the remainder when i(5) is divided by 8.
4
Let c(g) = 11 + 9 + 0*g**2 - 15*g + g**2. What is the remainder when 11 is divided by c(14)?
5
Suppose 0 = -4*x, -35 = -4*v + x - 167. Let p(s) = -s**3 + 3*s**2 - 2*s - 2. Let y be p(5). Let n = v - y. What is the remainder when n is divided by 10?
9
Suppose -4*n = -6*n + 34. Let g = -9 + n. What is the remainder when g is divided by 3?
2
Suppose 3*b = 2*b - 3*f + 58, 54 = b + 2*f. What is the remainder when b is divided by 12?
10
Let c(m) = m + 6. Let x = 8 - -3. What is the remainder when c(14) is divided by x?
9
Let s(j) = -2*j + 2. Suppose 16 = -3*p - p. Suppose 4*f = 4*z + z + 19, z + 23 = 4*f. Calculate the remainder when s(p) is divided by f.
4
Suppose -g = -4*h + 15, 2*h = -h + 15. Calculate the remainder when g is divided by 4.
1
Let r(f) be the third derivative of -f**5/60 - 3*f**4/8 - f**3/2 - 3*f**2. Let v = 52 - 9. What is the remainder when v is divided by r(-6)?
13
Suppose -3*k - 18 = -3*o, 0 = 5*o - 3*k - 0*k - 26. Suppose o*b - 135 = -b. Calculate the remainder when b is divided by 7.
6
Suppose 2*g + o - 59 = 0, 2*g - o - 77 = 4*o. Let n = 23 - 15. What is the remainder when g is divided by n?
7
Suppose 3*q + k - 11 = 0, 0 = -q + k + 3*k + 8. What is the remainder when 23/1 + (-6 - -5) is divided by 32/(-6)*(-6)/q?
6
Suppose 3*y + 0*d = -3*d - 6, 3*y - 8 = 4*d. Let r be (2 - 0)/((-6)/(-9)). Suppose -r*g + 8*g - 55 = y. Calculate the remainder when g is divided by 6.
5
Let n(c) = c - 1. Let y be n(4). Suppose -y*v = v - 32. Suppose 0*l + 2 = b - 3*l, 2*l - 78 = -5*b. What is the remainder when b is divided by v?
6
Let v = 65 - -5. Calculate the remainder when v is divided by 81/(-12)*(-32)/12.
16
Let i(s) = 16*s + 2. Let d(y) = -y**3 - 3*y**2 + 6*y - 3. Let z be -3 - 4/6*3. What is the remainder when i(3) is divided by d(z)?
16
Suppose -2*x + 6 = 0, 0 = 2*g + 3*g + x - 3. Calculate the remainder when (-10)/(-1) - (-1 - g) is divided by 7.
4
Let g(x) = x**3 - 5*x + 4. Suppose 4*p + 0 + 3 = -d, -2*p + 3 = -d. Calculate the remainder when 29 + p - (-7 - -5) is divided by g(3).
15
Let r be 73*(-2)/8*-4. Let u = -20 + r. Let b = 21 + -3. Calculate the remainder when u is divided by b.
17
Let c(d) = -d**3 - 4*d**2 - 2*d - 2. Let o be c(-3). What is the remainder when 2 is divided by o/(-10)*(4 + 0)?
0
Suppose z = -5*p - 12 - 16, 2*z = 4*p - 28. Let s be 96/54 - 4/z. Suppose s*q - 5*q = 12, 2*b + q = 12. What is the remainder when 22 is divided by b?
6
Let b(z) = 4*z**2 + 13*z + 4. What is the remainder when 28 is divided by b(-4)?
12
Suppose -7*h = -3*h - 216. Suppose -m = m - 28. What is the remainder when h is divided by m?
12
Let o(m) = 12*m**3 + m**2 - 4*m + 3. What is the remainder when o(1) is divided by 9?
3
Calculate the remainder when 86 is divided by 474/21 + (-20)/35.
20
Suppose l + 15 = -4*l. Suppose 25 + 20 = 5*t. Calculate the remainder when (22/l)/(4/(-18)) is divided by t.
6
Suppose 0 = -4*w + 3*k + 37, 0*w - 3*w - 2*k + 15 = 0. Let y = -2 - w. Let c = y - -17. What is the remainder when c is divided by 5?
3
Suppose -93 = 5*w - 243. Suppose 55 = -18*c + 23*c. What is the remainder when w is divided by c?
8
Suppose -7*l = -5*l - 6. Suppose -5*o + l*y + 196 = 0, -2*o + 0*y = y - 74. What is the remainder when o is divided by 10?
8
Let h(w) = 2*w - 4. Let z be h(5). Suppose 0 = -2*k + 18 - z. Calculate the remainder when k is divided by 44/10 + (-4)/10.
2
Let b(z) = -2*z**3 + 20*z**2 + z + 6. Calculate the remainder when 46 is divided by b(10).
14
Let b = 4